{"id":30,"date":"2019-08-19T06:07:05","date_gmt":"2019-08-19T06:07:05","guid":{"rendered":"http:\/\/cech-wieliczka.pl\/?page_id=30"},"modified":"2025-05-27T06:43:25","modified_gmt":"2025-05-27T06:43:25","slug":"czlonkowie","status":"publish","type":"page","link":"http:\/\/cech-wieliczka.pl\/?page_id=30","title":{"rendered":"Cz\u0142onkowie"},"content":{"rendered":"\n<ol><li><a href=\"http:\/\/cech-wieliczka.pl\/?page_id=75\">Cz\u0142onkowie Cechu<\/a><\/li><li><a href=\"http:\/\/cech-wieliczka.pl\/?page_id=56\">Rzeczoznawcy Cechu<\/a><\/li><li><a href=\"http:\/\/cech-wieliczka.pl\/?page_id=85\">Cz\u0142onkowie Komisji Ma\u0142opolskiej Izby Rzemios\u0142a i Przedsi\u0119biorczo\u015bci w Krakowie<\/a><\/li><li><a href=\"http:\/\/cech-wieliczka.pl\/?page_id=87\">Delegaci na Zjazd do Ma\u0142opolskiej Izby Rzemios\u0142a i Przedsi\u0119biorczo\u015bci w Krakowie <\/a><\/li><\/ol>\n\n\n\n<p><\/p>\n\n\n\n<p><\/p>\n\n\n\n<p>Cz\u0142onkiem Cechu mo\u017ce zosta\u0107 osoba wykonuj\u0105ca rzemios\u0142o (w zakresie wszystkich bran\u017c) samodzielnie lub w sp\u00f3\u0142ce.<\/p>\n\n\n\n<p>Cz\u0142onkiem Cechu mo\u017ce by\u0107 r\u00f3wnie\u017c przedsi\u0119biorca, nie b\u0119d\u0105cy rzemie\u015blnikiem, prowadz\u0105cy dzia\u0142alno\u015b\u0107 gospodarcz\u0105 samodzielnie, lub w sp\u00f3\u0142ce.<\/p>\n\n\n\n<p><strong>DOKUMENTY WYMAGANE DO PRZYJ\u0118CIA DO CECHU<\/strong><\/p>\n\n\n\n<p> &#8211; wpis do ewidencji dzia\u0142alno\u015bci gospodarczej,<br><br> &#8211; dokumenty stwierdzaj\u0105ce kwalifikacje zawodowe  <\/p>\n\n\n\n<p>W przypadku szkolenia uczni\u00f3w:<br>&#8211; dokumenty stwierdzaj\u0105ce kwalifikacje zawodowe osoby szkol\u0105cej,<br>&#8211; \u015bwiadectwo uko\u0144czenia co najmniej 48 godzinnego kursu pedagogicznego (w\u0142a\u015bciciela lub pracownika szkol\u0105cego)<br> <\/p>\n\n\n\n<p>Wszelkich informacji udziela\nBiuro Cechu.<\/p>\n","protected":false},"excerpt":{"rendered":"<p>Cz\u0142onkowie Cechu Rzeczoznawcy Cechu Cz\u0142onkowie Komisji Ma\u0142opolskiej Izby Rzemios\u0142a i Przedsi\u0119biorczo\u015bci w Krakowie Delegaci na Zjazd do Ma\u0142opolskiej Izby Rzemios\u0142a i Przedsi\u0119biorczo\u015bci w Krakowie Cz\u0142onkiem Cechu mo\u017ce zosta\u0107 osoba wykonuj\u0105ca rzemios\u0142o (w zakresie wszystkich bran\u017c) samodzielnie lub w sp\u00f3\u0142ce. Cz\u0142onkiem [&hellip;]<\/p>\n","protected":false},"author":1,"featured_media":131,"parent":0,"menu_order":0,"comment_status":"closed","ping_status":"closed","template":"","meta":[],"_links":{"self":[{"href":"http:\/\/cech-wieliczka.pl\/index.php?rest_route=\/wp\/v2\/pages\/30"}],"collection":[{"href":"http:\/\/cech-wieliczka.pl\/index.php?rest_route=\/wp\/v2\/pages"}],"about":[{"href":"http:\/\/cech-wieliczka.pl\/index.php?rest_route=\/wp\/v2\/types\/page"}],"author":[{"embeddable":true,"href":"http:\/\/cech-wieliczka.pl\/index.php?rest_route=\/wp\/v2\/users\/1"}],"replies":[{"embeddable":true,"href":"http:\/\/cech-wieliczka.pl\/index.php?rest_route=%2Fwp%2Fv2%2Fcomments&post=30"}],"version-history":[{"count":10,"href":"http:\/\/cech-wieliczka.pl\/index.php?rest_route=\/wp\/v2\/pages\/30\/revisions"}],"predecessor-version":[{"id":1343,"href":"http:\/\/cech-wieliczka.pl\/index.php?rest_route=\/wp\/v2\/pages\/30\/revisions\/1343"}],"wp:featuredmedia":[{"embeddable":true,"href":"http:\/\/cech-wieliczka.pl\/index.php?rest_route=\/wp\/v2\/media\/131"}],"wp:attachment":[{"href":"http:\/\/cech-wieliczka.pl\/index.php?rest_route=%2Fwp%2Fv2%2Fmedia&parent=30"}],"curies":[{"name":"wp","href":"https:\/\/api.w.org\/{rel}","templated":true}]}}

Członkowie

<ol><li><a href="http://cech-wieliczka.pl/?page_id=75">Członkowie Cechu</a></li><li><a href="http://cech-wieliczka.pl/?page_id=56">Rzeczoznawcy Cechu</a></li><li><a href="http://cech-wieliczka.pl/?page_id=85">Członkowie Komisji Małopolskiej Izby Rzemiosła i Przedsiębiorczości w Krakowie</a></li><li><a href="http://cech-wieliczka.pl/?page_id=87">Delegaci na Zjazd do Małopolskiej Izby Rzemiosła i Przedsiębiorczości w Krakowie </a></li></ol>



<p></p>



<p></p>



<p>Członkiem Cechu może zostać osoba wykonująca rzemiosło (w zakresie wszystkich branż) samodzielnie lub w spółce.</p>



<p>Członkiem Cechu może być również przedsiębiorca, nie będący rzemieślnikiem, prowadzący działalność gospodarczą samodzielnie, lub w spółce.</p>



<p><strong>DOKUMENTY WYMAGANE DO PRZYJĘCIA DO CECHU</strong></p>



<p> &#8211; wpis do ewidencji działalności gospodarczej,<br><br> &#8211; dokumenty stwierdzające kwalifikacje zawodowe  </p>



<p>W przypadku szkolenia uczniów:<br>&#8211; dokumenty stwierdzające kwalifikacje zawodowe osoby szkolącej,<br>&#8211; świadectwo ukończenia co najmniej 48 godzinnego kursu pedagogicznego (właściciela lub pracownika szkolącego)<br> </p>



<p>Wszelkich informacji udziela
Biuro Cechu.</p>

<p>Członkowie Cechu Rzeczoznawcy Cechu Członkowie Komisji Małopolskiej Izby Rzemiosła i Przedsiębiorczości w Krakowie Delegaci na Zjazd do Małopolskiej Izby Rzemiosła i Przedsiębiorczości w Krakowie Członkiem Cechu może zostać osoba wykonująca rzemiosło (w zakresie wszystkich branż) samodzielnie lub w spółce. Członkiem [&hellip;]</p>
