{"id":27,"date":"2019-08-19T06:05:07","date_gmt":"2019-08-19T06:05:07","guid":{"rendered":"http:\/\/cech-wieliczka.pl\/?page_id=27"},"modified":"2025-03-07T18:52:50","modified_gmt":"2025-03-07T18:52:50","slug":"wladze","status":"publish","type":"page","link":"http:\/\/cech-wieliczka.pl\/?page_id=27","title":{"rendered":"W\u0142adze"},"content":{"rendered":"\n<figure class=\"wp-block-table\"><table><tbody><tr><td><strong>Zarz\u0105d Cechu<\/strong><br>Kadencja2023-2027<\/td><td>Starszy Cechu&nbsp;<\/td><td>Roman Koszyk<\/td><\/tr><tr><td>\ufeff<\/td><td>Podstarszy Cechu<\/td><td>Marek Laso\u0144<\/td><\/tr><tr><td>\ufeff<\/td><td>Podstarszy Cechu<\/td><td>Les\u0142aw Orzechowski<\/td><\/tr><tr><td>\ufeff<\/td><td>Skarbnik<\/td><td>Mariusz Sosnowski<\/td><\/tr><tr><td>\ufeff<\/td><td>Sekretarz<\/td><td>Alicja Kostecka<\/td><\/tr><tr><td>\ufeff<\/td><td>Cz\u0142onek&nbsp;<\/td><td>Piotr Ptak<\/td><\/tr><tr><td>\ufeff<\/td><td>Cz\u0142onek<\/td><td>Grzegorz \u0141okas<\/td><\/tr><tr><td><strong>Komisja Rewizyjna<\/strong><br>Kadencja 2023-2027<\/td><td>Przewodnicz\u0105cy<\/td><td>Jacek Wo\u017aniak<\/td><\/tr><tr><td>\ufeff<\/td><td>\ufeff<\/td><td>Bogus\u0142aw Bu\u0142at<\/td><\/tr><tr><td>\ufeff<\/td><td>\ufeff<\/td><td>Marek Skrzypiec&nbsp;<\/td><\/tr><tr><td><strong>S\u0105d Cechowy<\/strong><br>Kadencja 2023-2027<\/td><td>Przewodnicz\u0105cy<\/td><td>Marek Partyka<\/td><\/tr><tr><td>\ufeff<\/td><td>\ufeff<\/td><td>Janusz Matulka<\/td><\/tr><tr><td>\ufeff<\/td><td>\ufeff<\/td><td>Jacek Dyl<\/td><\/tr><\/tbody><\/table><\/figure>\n\n\n\n<p>\ufeff<\/p>\n\n\n\n<figure class=\"wp-block-table is-style-regular\"><table><tbody><tr><td><strong>Zarz\u0105d Cechu<\/strong> <br>Kadencja 2019-2023<\/td><td>Starszy Cechu&nbsp;<\/td><td> Roman Koszyk <\/td><\/tr><tr><td><\/td><td> Podstarszy Cechu <\/td><td>  Marek Laso\u0144  <\/td><\/tr><tr><td><\/td><td> Podstarszy Cechu <\/td><td> Les\u0142aw Orzechowski <\/td><\/tr><tr><td><\/td><td> Skarbnik <\/td><td> Mariusz Sosnowski <\/td><\/tr><tr><td><\/td><td> Sekretarz <\/td><td> Alicja Kostecka <\/td><\/tr><tr><td><\/td><td> Cz\u0142onek&nbsp; <\/td><td> Stefan Kisielowski <\/td><\/tr><tr><td><\/td><td> Cz\u0142onek <\/td><td> Agnieszka Molek-Rusin <\/td><\/tr><tr><td> <strong>Komisja Rewizyjna<\/strong> <br>Kadencja 2019-2023 <\/td><td> Przewodnicz\u0105cy <\/td><td> Grzegorz \u0141okas <\/td><\/tr><tr><td><\/td><td><\/td><td>  Bogus\u0142aw Bu\u0142at  <\/td><\/tr><tr><td><\/td><td><\/td><td>  Marek Skrzypiec&nbsp;  <\/td><\/tr><tr><td> <strong>S\u0105d Cechowy<\/strong> <br>Kadencja 2019-2023 <\/td><td> Przewodnicz\u0105cy <\/td><td>  Marek Partyka  <\/td><\/tr><tr><td><\/td><td><\/td><td>  Cecylia Palonek  <\/td><\/tr><tr><td><\/td><td><\/td><td>  Jacek Dyl  <\/td><\/tr><\/tbody><\/table><\/figure>\n","protected":false},"excerpt":{"rendered":"<p>Zarz\u0105d CechuKadencja2023-2027 Starszy Cechu&nbsp; Roman Koszyk \ufeff Podstarszy Cechu Marek Laso\u0144 \ufeff Podstarszy Cechu Les\u0142aw Orzechowski \ufeff Skarbnik Mariusz Sosnowski \ufeff Sekretarz Alicja Kostecka \ufeff Cz\u0142onek&nbsp; Piotr Ptak \ufeff Cz\u0142onek Grzegorz \u0141okas Komisja RewizyjnaKadencja 2023-2027 Przewodnicz\u0105cy Jacek Wo\u017aniak \ufeff \ufeff [&hellip;]<\/p>\n","protected":false},"author":1,"featured_media":0,"parent":0,"menu_order":0,"comment_status":"closed","ping_status":"closed","template":"","meta":[],"_links":{"self":[{"href":"http:\/\/cech-wieliczka.pl\/index.php?rest_route=\/wp\/v2\/pages\/27"}],"collection":[{"href":"http:\/\/cech-wieliczka.pl\/index.php?rest_route=\/wp\/v2\/pages"}],"about":[{"href":"http:\/\/cech-wieliczka.pl\/index.php?rest_route=\/wp\/v2\/types\/page"}],"author":[{"embeddable":true,"href":"http:\/\/cech-wieliczka.pl\/index.php?rest_route=\/wp\/v2\/users\/1"}],"replies":[{"embeddable":true,"href":"http:\/\/cech-wieliczka.pl\/index.php?rest_route=%2Fwp%2Fv2%2Fcomments&post=27"}],"version-history":[{"count":9,"href":"http:\/\/cech-wieliczka.pl\/index.php?rest_route=\/wp\/v2\/pages\/27\/revisions"}],"predecessor-version":[{"id":1197,"href":"http:\/\/cech-wieliczka.pl\/index.php?rest_route=\/wp\/v2\/pages\/27\/revisions\/1197"}],"wp:attachment":[{"href":"http:\/\/cech-wieliczka.pl\/index.php?rest_route=%2Fwp%2Fv2%2Fmedia&parent=27"}],"curies":[{"name":"wp","href":"https:\/\/api.w.org\/{rel}","templated":true}]}}